 = 3*c + 4*s. Let b = c + 8. What is the tens digit of b?
1
Let g = -3 - 8. Let b = -7 - g. Suppose 4*q + 0 = b*k - 4, -4*k + 5 = -3*q. What is the units digit of q?
1
Let d be (2/(-4))/(4/(-312)). Let x = 61 - d. What is the tens digit of x?
2
What is the units digit of (-282)/(-10) - 1/5?
8
Let o(y) = -y**2 + 3*y + 3. What is the units digit of o(0)?
3
Let s = 0 - 6. Suppose -3*g + 60 = g. What is the tens digit of (-1)/(s/g)*4?
1
Let c(g) = -g + 2. Let l be c(-2). Suppose 5*b = l*b + 9. What is the units digit of b?
9
Let w = 2 - -19. Suppose 0 = -5*k - 2*f + 33, 3*k + f - 3*f = 23. Let z = w - k. What is the tens digit of z?
1
Let h = -20 - -37. Suppose -10 + 6 = f. Let g = h + f. What is the units digit of g?
3
Suppose 8*c - 45 = -5*z + 3*c, 11 = 3*z - 5*c. What is the units digit of z?
7
Let f(l) = -3. Let w(y) = -y + 4. Let p(t) = -3*f(t) - 2*w(t). What is the units digit of p(1)?
3
Let y = -2 - -3. Let f = y - -1. What is the units digit of f?
2
Let p(g) = g**3 + 7*g**2 - 7. Let t be p(-7). Let d = -1 - t. What is the units digit of d?
6
Suppose -3*z + 2*b - 121 - 30 = 0, 4*z + 173 = -3*b. Let y = z + 74. What is the tens digit of y?
2
What is the tens digit of (14/(-4))/(-3*(-1)/(-30))?
3
Let t = 253 + -151. What is the hundreds digit of t?
1
Let d(o) be the second derivative of -o**3/6 + 11*o**2/2 + 2*o. What is the units digit of d(0)?
1
Let t be 73*3*2/6. Suppose -a = 4*a + 3*n - 82, 4*a - 5*n = t. What is the tens digit of a?
1
Suppose 3*m - 12 - 3 = 0. Suppose 2*o = m + 1. Suppose 3 = c + 2*l - 1, o*c - 18 = -3*l. What is the units digit of c?
8
Suppose 3 = 4*q - 1. What is the units digit of q/((-3)/(-9)) + 3?
6
Let t be 276/(-3)*1/2. Let c = 86 + t. Suppose j + j = c. What is the tens digit of j?
2
Suppose 0*o - 2*o = 16. Let y(v) = 4*v + 4. Let d(j) = -13*j - 11. Let a(h) = o*y(h) - 3*d(h). What is the units digit of a(2)?
5
Suppose 75 = -3*b - 81. What is the tens digit of (1 - -2)*b/(-6)?
2
Let u(q) = q**3 - q**2. Let w(l) = 6*l**3 - 2*l**2 - 4*l. Let z(t) = 5*u(t) - w(t). Let c be z(-4). What is the units digit of 7 - (1 - -1) - c?
5
Let g be 2/(-6)*66/(-2). What is the units digit of -2*1 + g + -5?
4
Let k = 2 + 11. What is the units digit of k?
3
Let m be (-189)/18*12/(-7). What is the tens digit of 4/(-18) + 724/m?
4
Suppose 2 = -v - w - w, -v + 2*w - 2 = 0. Suppose -43 + 9 = 4*j - l, 2*j - l = -16. What is the units digit of 4/v*j/6?
3
Suppose -2*i = i. Suppose i = 4*w - 3*w. Suppose w*r + 6 = r. What is the units digit of r?
6
Let g(i) = i**3 + 5*i**2 - 3*i - 3. What is the units digit of g(-4)?
5
Suppose 0*v + 30 = 5*v. Let x = v - 1. What is the units digit of x/(0 + 0 + 1)?
5
Suppose 15 = 4*v - 9. What is the units digit of v?
6
Let k(n) = n**2 + 7*n - 3. What is the hundreds digit of k(8)?
1
Let u(d) = d**3 + 8*d**2 + 4*d + 5. Let m be u(-8). Let k = m + 51. What is the units digit of k?
4
Let h be 2054/9 + 2/(-9). Let i(f) = f + 3. Let o be i(-5). What is the units digit of h/(-30)*5/o?
9
Let b = 28 - 24. Let r(a) = a**3 + 7*a**2 + 7*a + 1. Let w be r(-5). Suppose w = z + b. What is the units digit of z?
2
Let l be -3 + (-3 + 4)*-6. Let j = l + 12. What is the units digit of j?
3
Let h be (-7 - -2) + (1 - -1). What is the units digit of 1*h - (-20)/2?
7
What is the tens digit of ((-51)/4)/((-9)/48)?
6
Suppose -3*d + 8 + 1 = 0. What is the units digit of d?
3
Let g = -9 - -5. Let x be 2/g*(-28)/(-2). What is the units digit of 1/x - (-174)/42?
4
Let a(k) = -6*k - 22. Let h(v) = 3*v + 11. Let o(b) = -3*a(b) - 7*h(b). Let s(l) = -4*l - 12. Let w(g) = -5*o(g) + 4*s(g). What is the units digit of w(4)?
3
Suppose -l + 2*w = -3*l + 596, -3*l + 862 = -5*w. What is the units digit of l?
4
Let n = 43 + -13. What is the units digit of (-15)/n - (-17)/2?
8
What is the units digit of -2*(-16)/20*5?
8
Suppose 5 = 4*j - 3. Suppose 10 = j*d - 0*d. What is the units digit of d?
5
Let l(a) be the third derivative of a**6/120 - a**5/20 + a**3/2 + a**2. What is the units digit of l(3)?
3
Let z = 14 - 16. What is the units digit of (4/3)/(z/(-36))?
4
Let y = -32 + 92. What is the units digit of y?
0
Let q(v) = v**3 - 5*v**2 + 4*v + 4. Let h be q(4). What is the units digit of 46*((-2)/(-1))/h?
3
Let l(y) = -y + 9. Let k be l(6). Suppose 0 = k*n - 17 - 4. What is the units digit of n?
7
Let q be 1 - 0 - -6 - -1. Let t = 48 - 46. What is the units digit of 70/q + t/8?
9
What is the hundreds digit of 1*((-15)/(-10) - (-633)/6)?
1
Suppose 3 = 5*s - 2, -2*n = -4*s + 70. Suppose 0 = 2*q + 632 + 40. What is the tens digit of 4/(-22) + q/n?
1
Suppose t - 4*y = -8, y = -0*y + 2. Let a(l) = l + t + 1 + 0. What is the units digit of a(3)?
4
Let z(g) be the second derivative of -3*g + 0 + 7/6*g**3 - 1/12*g**4 - 3*g**2. What is the units digit of z(5)?
4
Let q = -4 - -1. What is the units digit of (-23)/q + 1/3?
8
Suppose 3*v - 6*v - 4*x = 4, -5*x - 5 = 3*v. Suppose v = b + 4*k - 5 + 4, 17 = -3*b - 2*k. What is the units digit of -2 + 0 + (-2 - b)?
3
Let h be 128/20 + (-2)/5. Suppose 0 = -i + h*i - 25. What is the units digit of i?
5
Suppose 0 = -5*c - 3*q + 505, -2*c + 9 = 2*q - 197. What is the tens digit of c?
9
Suppose 0 = 2*c + 5*o - 25 + 4, -4*c + 3*o + 29 = 0. Let a(v) = -11 + 2*v + 6 + 3. What is the tens digit of a(c)?
1
Suppose 0 = -5*p - 3*p + 432. What is the units digit of p?
4
Let s be ((-8)/(-5))/(1/10). Let f = 73 - s. Suppose -f = -5*g - 4*n, 9*n = g + 4*n + 6. What is the units digit of g?
9
Suppose -5*s - i - 196 = -20, -3*i + 84 = -2*s. Let o = s - -52. What is the units digit of o?
6
Let r(z) = 0*z - 4 + 2*z + 6. Let j be r(-2). Let u = j - -5. What is the units digit of u?
3
What is the tens digit of ((-86)/3)/(4 - (-152)/(-36))?
2
Let l be -20*(0 - (-21)/(-6)). Let p be ((-6)/(-7))/(1/7). Suppose g = p*g - l. What is the units digit of g?
4
Let j = 17 + -9. What is the units digit of j?
8
Let b = 10 + -3. Let o = 9 + 2. Let m = o - b. What is the units digit of m?
4
Suppose 17*m = 19*m - 318. What is the units digit of m?
9
Suppose -4*v - 4*n + 1028 = 0, -4*v + 2*n + 92 = -936. What is the hundreds digit of v?
2
Let c be 1 + (1 - -1) + -25. What is the tens digit of (-4)/c - 744/(-22)?
3
Let m(n) = -3*n - 3. Let p be (-48)/18*(-3)/(-2). What is the units digit of m(p)?
9
Let x be 22/10 - (-7)/(-35). Let h(c) = c**3 + 2*c - 1. What is the units digit of h(x)?
1
What is the tens digit of (24/15)/(12/390)?
5
Suppose 5*w = -2*k, -w + 3*w = -5*k. Suppose g - 4*i = -w*g + 43, 2*i + 98 = 2*g. What is the units digit of g?
1
Suppose 0 = -3*q + 5*q - 4. Suppose 2*w + 2*i - 4*i = 12, -q*w + 32 = 2*i. What is the units digit of (3 - 4)/((-1)/w)?
1
Suppose -539 = -3*a - 4*w, 4*a + 0*w = -5*w + 718. What is the hundreds digit of a?
1
Suppose 2*b + 12 = 3*b. Let t be (9/(-6))/(2/b). Let p = t - -14. What is the units digit of p?
5
Suppose -4*a + 75 = -a. What is the units digit of a?
5
Suppose 0 = 3*b - 0*b - 102. What is the tens digit of b?
3
Suppose -4*a = -5*c + 555, -c + a = -3*c + 222. What is the hundreds digit of c?
1
Suppose -3*u + 0*u + 15 = 0. Suppose u*z - 44 = z. Let w = -4 + z. What is the units digit of w?
7
Let i be (-6)/(-8) + 1/4. Let o be (-1*7)/(i/(-1)). Let n = o - 2. What is the units digit of n?
5
Suppose 41 = 5*w + m, -3*m = -w + 31 - 10. Suppose 2*h = -3*f + w + 9, -f + 23 = -5*h. What is the units digit of f?
8
Let b(n) = 14*n**2 + 2*n + 6. What is the tens digit of b(-2)?
5
Suppose -5*n - 302 = -4*a, 0*a - a + 71 = n. What is the tens digit of a?
7
Let j(z) = -z + 0 + 4 + 1 - 4. Let q(l) = 1. Let s(x) = 3*j(x) - 2*q(x). What is the units digit of s(-1)?
4
Suppose 4*p = -4*y, -2*y + 0*y + 2*p + 20 = 0. What is the units digit of y?
5
What is the tens digit of ((-2)/(-1))/((-6)/(-105))?
3
Suppose 5*f - 3*f = 0. Suppose f = u - 6*u. What is the units digit of u + (2 - 1 - -2)?
3
Let c = -3 + 18. Suppose -4*a = 2*k + 22, -c - 12 = 5*a + 3*k. What is the units digit of (-2)/(-3) - 2/a?
1
Let c(k) be the second derivative of k**3/6 + 3*k. What is the units digit of c(9)?
9
Let b(t) = t**2 + 5*t - 3. Suppose 0 = i - 5*d - 0*d - 27, 3*i - 4*d - 26 = 0. Let s be (8/i*-2)/1. What is the tens digit of b(s)?
2
Let l = 9 + -7. Suppose -l*x + 4*x - 22 = -r, 0 = 3*r + 3*x - 66. Suppose -2*z - 2*k + r = 0, 3*z + 4*k - 8 = 